3, 7, 79
What are the prime factors of 271?
271
List the prime factors of 10985.
5, 13
List the prime factors of 7651.
7, 1093
List the prime factors of 26501.
26501
List the prime factors of 11293.
23, 491
What are the prime factors of 2114?
2, 7, 151
List the prime factors of 134.
2, 67
List the prime factors of 97186.
2, 48593
List the prime factors of 12428.
2, 13, 239
List the prime factors of 14506.
2, 7253
List the prime factors of 12991.
11, 1181
List the prime factors of 6868.
2, 17, 101
What are the prime factors of 2432?
2, 19
List the prime factors of 46725.
3, 5, 7, 89
List the prime factors of 3741.
3, 29, 43
What are the prime factors of 68700?
2, 3, 5, 229
What are the prime factors of 2252?
2, 563
List the prime factors of 69355.
5, 11, 13, 97
List the prime factors of 575.
5, 23
What are the prime factors of 9622?
2, 17, 283
What are the prime factors of 951?
3, 317
List the prime factors of 11845.
5, 23, 103
List the prime factors of 32080.
2, 5, 401
What are the prime factors of 5918?
2, 11, 269
List the prime factors of 3421.
11, 311
List the prime factors of 3328.
2, 13
List the prime factors of 9175.
5, 367
What are the prime factors of 105113?
257, 409
What are the prime factors of 23482?
2, 59, 199
What are the prime factors of 37573?
37573
What are the prime factors of 1846?
2, 13, 71
List the prime factors of 597.
3, 199
List the prime factors of 1369.
37
List the prime factors of 26658.
2, 3, 1481
List the prime factors of 7838.
2, 3919
What are the prime factors of 133759?
181, 739
What are the prime factors of 954?
2, 3, 53
What are the prime factors of 3456?
2, 3
What are the prime factors of 39965?
5, 7993
List the prime factors of 34514.
2, 17257
What are the prime factors of 2534?
2, 7, 181
List the prime factors of 2986.
2, 1493
List the prime factors of 15977.
13, 1229
What are the prime factors of 25333?
7, 11, 47
List the prime factors of 712.
2, 89
List the prime factors of 10038.
2, 3, 7, 239
List the prime factors of 617.
617
List the prime factors of 81701.
81701
What are the prime factors of 18497?
53, 349
What are the prime factors of 28970?
2, 5, 2897
List the prime factors of 499.
499
What are the prime factors of 41328?
2, 3, 7, 41
What are the prime factors of 26429?
13, 19, 107
List the prime factors of 429.
3, 11, 13
What are the prime factors of 1473?
3, 491
What are the prime factors of 2765?
5, 7, 79
List the prime factors of 6980.
2, 5, 349
What are the prime factors of 390?
2, 3, 5, 13
What are the prime factors of 486?
2, 3
What are the prime factors of 3020?
2, 5, 151
What are the prime factors of 18623?
11, 1693
What are the prime factors of 18263?
7, 2609
List the prime factors of 2020.
2, 5, 101
List the prime factors of 239.
239
List the prime factors of 2701.
37, 73
What are the prime factors of 865?
5, 173
List the prime factors of 2467.
2467
List the prime factors of 139123.
139123
List the prime factors of 8162.
2, 7, 11, 53
What are the prime factors of 96701?
11, 59, 149
List the prime factors of 62803.
13, 4831
What are the prime factors of 40298?
2, 20149
What are the prime factors of 590?
2, 5, 59
List the prime factors of 2251.
2251
What are the prime factors of 6411?
3, 2137
What are the prime factors of 102?
2, 3, 17
List the prime factors of 58517.
163, 359
List the prime factors of 11743.
11743
List the prime factors of 238.
2, 7, 17
List the prime factors of 34830.
2, 3, 5, 43
List the prime factors of 4376.
2, 547
List the prime factors of 349.
349
What are the prime factors of 378?
2, 3, 7
What are the prime factors of 28543?
17, 23, 73
List the prime factors of 38942.
2, 19471
List the prime factors of 37297.
13, 19, 151
List the prime factors of 5778.
2, 3, 107
List the prime factors of 1914.
2, 3, 11, 29
List the prime factors of 1041.
3, 347
List the prime factors of 2003.
2003
List the prime factors of 3708.
2, 3, 103
What are the prime factors of 1234?
2, 617
List the prime factors of 37833.
3, 12611
What are the prime factors of 158840?
2, 5, 11, 19
What are the prime factors of 63249?
3, 29, 727
What are the prime factors of 60720?
2, 3, 5, 11, 23
List the prime factors of 3453.
3, 1151
List the prime factors of 57802.
2, 28901
List the prime factors of 5877.
3, 653
List the prime factors of 4421.
4421
What are the prime factors of 5296?
2, 331
What are the prime factors of 2857?
2857
List the prime factors of 3499.
3499
List the prime factors of 1540.
2, 5, 7, 11
List the prime factors of 4357.
4357
What are the prime factors of 69105?
3, 5, 17, 271
What are the prime factors of 343?
7
What are the prime factors of 39?
3, 13
List the prime factors of 1101.
3, 367
List the prime factors of 11682.
2, 3, 11, 59
What are the prime factors of 10842?
2, 3, 13, 139
What are the prime factors of 1310?
2, 5, 131
List the prime factors of 12189.
3, 17, 239
List the prime factors of 659.
659
List the prime factors of 42660.
2, 3, 5, 79
List the prime factors of 13940.
2, 5, 17, 41
List the prime factors of 55270.
2, 5, 5527
List the prime factors of 809.
809
List the prime factors of 15040.
2, 5, 47
What are the prime factors of 305?
5, 61
What are the prime factors of 677?
677
What are the prime factors of 987?
3, 7, 47
What are the prime factors of 23439?
3, 13, 601
List the prime factors of 7530.
2, 3, 5, 251
What are the prime factors of 38537?
89, 433
What are the prime factors of 4558?
2, 43, 53
What are the prime factors of 2749?
2749
List the prime factors of 86043.
3, 23, 29, 43
What are the prime factors of 6246?
2, 3, 347
List the prime factors of 7190.
2, 5, 719
List the prime factors of 1483.
1483
List the prime factors of 3193.
31, 103
List the prime factors of 4528.
2, 283
List the prime factors of 143214.
2, 3, 23869
List the prime factors of 859.
859
List the prime factors of 27208.
2, 19, 179
What are the prime factors of 1279?
1279
List the prime factors of 36003.
3, 11, 1091
List the prime factors of 7390.
2, 5, 739
What are the prime factors of 239?
239
List the prime factors of 6892.
2, 1723
List the prime factors of 5769.
3, 641
What are the prime factors of 55984?
2, 3499
List the prime factors of 899.
29, 31
What are the prime factors of 9104?
2, 569
List the prime factors of 150.
2, 3, 5
What are the prime factors of 33391?
33391
What are the prime factors of 5782?
2, 7, 59
List the prime factors of 16986.
2, 3, 19, 149
What are the prime factors of 76057?
19, 4003
List the prime factors of 1459.
1459
List the prime factors of 41099.
73, 563
List the prime factors of 29469.
3, 11, 19, 47
List the prime factors of 15329.
15329
What are the prime factors of 6198?
2, 3, 1033
What are the prime factors of 1328?
2, 83
What are the prime factors of 157?
157
List the prime factors of 1315.
5, 263
What are the prime factors of 13794?
2, 3, 11, 19
What are the prime factors of 5143?
37, 139
List the prime factors of 1905.
3, 5, 127
List the prime factors of 19109.
97, 197
List the prime factors of 4845.
3, 5, 17, 19
What are the prime factors of 33176?
2, 11, 13, 29
What are the prime factors of 3846?
2, 3, 641
List the prime factors of 7635.
3, 5, 509
List the prime factors of 2172.
2, 3, 181
What are the prime factors of 33727?
29, 1163
What are the prime factors of 999?
3, 37
What are the prime factors of 15235?
5, 11, 277
List the prime factors of 310.
2, 5, 31
What are the prime factors of 538?
2, 269
List the prime factors of 33742.
2, 16871
List the prime factors of 1032.
2, 3, 43
List the prime factors of 17637.
3, 5879
List the prime factors of 4365.
3, 5, 97
List the prime factors of 3158.
2, 1579
List the prime factors of 18035.
5, 3607
What are the prime factors of 1626?
2, 3, 271
List the prime factors of 758.
2, 379
List the prime factors of 85162.
2, 7, 11, 79
What are the prime factors of 4592?
2, 7, 41
List the prime factors of 22987.
127, 181
What are the prime factors of 13835?
5, 2767
List the prime factors of 5804.
2, 1451
List the prime factors of 11976.
2, 3, 499
What are the prime factors of 585?
3, 5, 13
List the prime factors of 2403.
3, 89
What are the prime factors of 57302?
2, 7, 4093
What are the prime factors of 974?
2, 487
List the prime factors of 537.
3, 179
List the prime factors of 1717.
17, 101
What are the pri